. What are the prime factors of h?
2, 7
Let w = 1 - -1. Let c = 0 - w. List the prime factors of 3/c*120/(-9).
2, 5
Let a(s) = -4 - 3 - 1 + 4*s + 3. What are the prime factors of a(5)?
3, 5
Suppose -7*a = -4*a - 165. What are the prime factors of a?
5, 11
Suppose v - 5*b + 24 = -b, 15 = 3*b. Let g be (-5)/(-20) - 63/v. Suppose -3*i + g = -i. What are the prime factors of i?
2
Suppose 128*x + 428 = 132*x. List the prime factors of x.
107
What are the prime factors of (-1)/(-4) + (-3150)/(-40)?
79
Suppose 5*i + 37 = 2*r - r, -5*i - 27 = 4*r. Let g = i - -11. Suppose 0 = g*w - 3*w - 5. List the prime factors of w.
5
Let x be 0 + 1 + 0 - 0. Let u = 12 - x. Let f = 0 + u. What are the prime factors of f?
11
Let d = -2 - -1. What are the prime factors of 2/4*(d - -13)?
2, 3
Let k = 512 - 220. List the prime factors of k.
2, 73
Let r(p) = 19*p**2 + 3. What are the prime factors of r(2)?
79
Let d(v) = 15*v**2 - 2*v + 3. Let j be d(3). Suppose -2*i + 6*i = -j. Let h = -11 - i. What are the prime factors of h?
2, 11
Suppose -5*j = 5, 8 = 4*u - 3*j - 7. Let f(b) = -4*b**2 + 6*b**u - 2*b**2 - 27*b**3 - b + 5*b**2. List the prime factors of f(-1).
3, 7
What are the prime factors of (-24)/((-1038)/204 - -5)?
2, 17
Let o(q) = -6*q - 5. What are the prime factors of o(-5)?
5
List the prime factors of 12 + -8 - -30*2.
2
Suppose 31 = 5*p + 4*u, u + 0*u = -5*p + 19. Suppose -p*g + 4 + 11 = 0. Suppose 18 = g*y - 2. What are the prime factors of y?
2
Let p be 1/(0 + (-3)/9). Let r be (6/(9/p))/1. List the prime factors of (-2)/((-12)/(-9) + r).
3
Suppose 0*q - q + 15 = 2*o, q + 3*o = 19. What are the prime factors of q?
7
Let d(i) = 8*i**2 - i. Let f be d(1). Suppose -4*p + 27 = f. Suppose p*c - 4*a - 36 = 5, c + a = 10. What are the prime factors of c?
3
Suppose -2*x + 34 = -18. What are the prime factors of x/((-1)/(-1) + 1)?
13
Let t(o) = -2*o**3 + 2*o. Let q(y) = -y**3 + 3*y**2 + 6*y - 5. Let p be q(4). Suppose -p*g = 2 + 4. What are the prime factors of t(g)?
2, 3
Let u = 18 + -26. List the prime factors of u/48 - (-278)/12.
23
Suppose 2*t = -4*q + 12, 4*t - 3*t = 2*q + 14. Let o = t - -1. What are the prime factors of o?
11
Suppose -4*b + 185 = -5*o, -3*b + 2*o + 0*o = -137. List the prime factors of b.
3, 5
Let n(s) = -s + 11. Let q be n(8). Suppose 3*j = -0*h + q*h + 15, -2*h = -5*j + 40. What are the prime factors of j?
2, 5
Suppose -u + 2*l = -5, -3*u - 5*l - 26 = -u. Suppose -2*k = -0*k + 6. List the prime factors of (-1)/((k/u)/(-10)).
2, 5
Suppose -81*n + 90*n - 207 = 0. List the prime factors of n.
23
Let m be (-212)/10 + 5/25. Let i = 39 + m. List the prime factors of i.
2, 3
Let z be ((-11)/22)/(1/(-4)). Suppose -4*a + 5*t = -110, 96 = -z*a + 6*a + 2*t. What are the prime factors of a?
5
List the prime factors of ((-74)/6 - -3)*(-108)/21.
2, 3
Let j(t) = 2*t + 24. What are the prime factors of j(-10)?
2
Suppose 4*t + 16 = 0, 5*k + 67 = 2*t - 0. List the prime factors of 6/k + 164/10.
2
Suppose 0 = -c - 4*c + 4*n + 29, -5*c = -n - 41. Let v(z) = -z**2 + 12*z - 7. List the prime factors of v(c).
2, 5
Suppose 7*j = 3*j - i + 22, -3*i = 2*j - 16. Suppose 0 = j*y - 4*y - 3. Suppose 0 = -0*a - a + y. List the prime factors of a.
3
Let o(w) = w**3 - w**2 - 3*w - 3. Suppose -1 = -i + 2. List the prime factors of o(i).
2, 3
Let t(m) = 367*m + 8. What are the prime factors of t(1)?
3, 5
List the prime factors of 3384/22 + 24/132.
2, 7, 11
Let f(c) = -3*c - 1. Suppose -5*g - 5 = -35. Let p = g - 11. What are the prime factors of f(p)?
2, 7
Suppose -60 = 2*r - 3*r. Suppose 3*d + 2*d = r. List the prime factors of d.
2, 3
Suppose -4*n + 15 = -n. Suppose 3*b + n*u = -13, -4*b - 4 = -0*b + 4*u. List the prime factors of b.
2
Let s(v) = -v**2 - v - 1. Let p(y) = 0*y - 2 - 9*y - 6 + 3. Let z(k) = p(k) + s(k). List the prime factors of z(-9).
3
Suppose -6*c + 8*c = 12. List the prime factors of c.
2, 3
Let a(r) = -3*r**3 + 4*r**2 + 2*r - 2. Let u be a(3). Let v = u + 58. What are the prime factors of v?
17
Suppose -5*m - 28 = -338. What are the prime factors of m?
2, 31
Let n(b) = -3*b**3 - 3*b**2 + 3*b + 61. Let y(z) = -z**3 - z**2 + z + 20. Let k(o) = 4*n(o) - 11*y(o). What are the prime factors of k(0)?
2, 3
Let f(b) be the first derivative of -b**2/2 + b + 1. List the prime factors of f(-9).
2, 5
Let y be (-1 - -11)/(2/16). Suppose 0*s = 5*s - y. Let z = s - -2. List the prime factors of z.
2, 3
Let y be (-14 + 0)/(-2 + 0). Suppose 4*v - 51 = -y. Suppose 2 - v = -i. List the prime factors of i.
3
Let x be (-10)/(-15) + (-26)/(-6). Suppose x*k = 4*w - 86, -4*w - 5*k = w - 130. What are the prime factors of w?
2, 3
Suppose 2*r = g - 72, -4*r + 4*g + g = 138. Let h = -25 - r. What are the prime factors of h?
2, 3
Let d = -11 - -13. Suppose 4*k = 5*j - d*j - 19, 0 = -5*k + 25. List the prime factors of j.
13
Let t(h) = 19*h - 1. Let b be t(-3). Let r = -31 - b. What are the prime factors of r?
3
Suppose 3*i - 5*n - 405 = 0, -9*n + 4*n = 4*i - 575. What are the prime factors of i?
2, 5, 7
Let j(c) = -3*c - 1. Suppose -z = 4 - 0, 0 = 5*p - 3*z + 18. What are the prime factors of j(p)?
17
Suppose -2*t = -3*t. Suppose 2*y - 4 = t, -2*x + y + 16 + 46 = 0. List the prime factors of x.
2
Let l = 51 + 3. Suppose 8*a - 10*a = -l. What are the prime factors of a?
3
Let v(s) = -s + 9. Suppose 5*k = a - 3, a - 3 = 5*k - 3*k. What are the prime factors of v(k)?
3
Suppose 3*o - 39 = 198. List the prime factors of o.
79
Let t(b) = -b**3 - 2*b**2 + 2*b - 3. Let u be t(-3). Let c(z) = 2*z + 34. List the prime factors of c(u).
2, 17
Suppose -3*c - 44 = -2*m, 2*m + 20 = 3*m - c. Suppose -29 = -5*t + m. What are the prime factors of t?
3
Let l(a) = a + 13. Suppose -5*c + 10 + 5 = 0. Suppose c*o = -o. What are the prime factors of l(o)?
13
Let x = 20 + 16. List the prime factors of x.
2, 3
Suppose -3*g - 5*b + 176 = 0, b = -2*g - 44 + 152. Let j be g/44 - 6/33. Suppose -3*u + 31 = j. What are the prime factors of u?
2, 5
Let y(v) = 4*v. List the prime factors of y(9).
2, 3
Let g be (-6)/(-1) - 0 - 0. Suppose 0*r + u = -r - g, 2*u = -r - 1. Let k = r - -22. What are the prime factors of k?
11
Let r = -7 - -64. List the prime factors of r.
3, 19
Let v(c) = -c**3 + c**2 + 3*c - 2. List the prime factors of v(-3).
5
Suppose -2*t + 3*a + 2 = -2, -a = -3*t - 1. Let k be (-16)/5 + (-1)/(-5). What are the prime factors of (11 - t)/(-2 - k)?
2, 3
Let h = -44 - -66. Let c = -16 + h. What are the prime factors of c?
2, 3
Suppose -260 - 120 = -4*f. What are the prime factors of f?
5, 19
Suppose -2*b - 22 = -4*d, -6 - 4 = -2*d. Let u = b + -12. List the prime factors of (-2)/(-1) + (-7 - u).
2
Let x(a) = 2*a**2 + 4*a - 1. Let n be x(-4). Let p be (6/n)/((-2)/(-20)). List the prime factors of 14/p - 3/(-6).
2
Let r be 10/(-45) + 32/(-18). What are the prime factors of (-1 + 8 + r)*4?
2, 5
Let q(b) = 2*b - 1. Let y be q(8). Suppose 8*s = 3*s - y. Let t = s - -8. What are the prime factors of t?
5
Let g = -2500 - -1640. Let t be g/(-18) + (-4)/(-18). Suppose 0 = k + 4, -4*j - 5*k + 10*k = -t. List the prime factors of j.
7
What are the prime factors of (-4)/(-38) + (-8805)/(-285)?
31
Let m be ((-1)/3)/((-3)/9). Let a be 10 + (-1 - -2)*m. What are the prime factors of (a*-2)/(0 - 2)?
11
Let v = 4 - 6. Let x(k) = k**2 + k - 2. Let n be x(v). What are the prime factors of (-4 - -1)*(-3 - n)?
3
Suppose 3*w + 0*w = 15. Suppose -5*n + w = -0. Suppose 5*a = -s + n + 2, 5*a = 0. What are the prime factors of s?
3
Suppose 5*j + q = -247, -2*q - 207 - 37 = 5*j. List the prime factors of (1*j)/(-2) - -1.
2, 13
Suppose -4*s = 3*w + 15, -3*s - w - 7 = -2. Let t be (-5 + 0)*(-1 + s). What are the prime factors of (-6)/(-10) - (-62)/t?
13
Let o = 3 - -5. What are the prime factors of o?
2
Let a(h) = -h**3 + 4*h**2 + 8*h - 10. What are the prime factors of a(5)?
5
Suppose -11 = 4*h + 1. What are the prime factors of (-4)/h*15/2?
2, 5
Let r be (2 - 35)*(-1)/1. Let j = r - 15. Suppose -3*h = -j - 0. What are the prime factors of h?
2, 3
Let j(v) be the second derivative of v**5/60 + v**4/3 + 5*v**3/3 - v**2/2 + v. Let g(i) be the first derivative of j(i). What are the prime factors of g(-7)?
3
Let m = 3 + -1. Suppose -m*k - 23 = -3*k. List the prime factors of k.
23
Suppose w = 4*l - 1290, 2*l + 4*w + 198 - 834 = 0